emainder when 6560 is divided by 1090.
20
What is the remainder when 4871 is divided by 47?
30
Calculate the remainder when 580 is divided by 87.
58
What is the remainder when 721 is divided by 56?
49
Calculate the remainder when 179 is divided by 52.
23
Calculate the remainder when 1419 is divided by 33.
0
Calculate the remainder when 390177 is divided by 130055.
12
Calculate the remainder when 2616 is divided by 4.
0
What is the remainder when 11224 is divided by 133?
52
What is the remainder when 2506 is divided by 43?
12
Calculate the remainder when 6366 is divided by 1585.
26
What is the remainder when 6772 is divided by 1337?
87
Calculate the remainder when 18257 is divided by 27.
5
Calculate the remainder when 87029 is divided by 44.
41
Calculate the remainder when 419013 is divided by 312.
309
Calculate the remainder when 11499 is divided by 1389.
387
What is the remainder when 49331 is divided by 209?
7
Calculate the remainder when 1205565 is divided by 21.
18
What is the remainder when 41151 is divided by 4110?
51
Calculate the remainder when 4296 is divided by 87.
33
What is the remainder when 429829 is divided by 213?
208
Calculate the remainder when 6813 is divided by 84.
9
Calculate the remainder when 13066 is divided by 132.
130
Calculate the remainder when 16975 is divided by 333.
325
Calculate the remainder when 5898 is divided by 62.
8
What is the remainder when 205155 is divided by 20?
15
Calculate the remainder when 26908 is divided by 18.
16
What is the remainder when 63102 is divided by 62966?
136
What is the remainder when 179207 is divided by 1236?
1223
Calculate the remainder when 17898 is divided by 7.
6
Calculate the remainder when 997 is divided by 229.
81
What is the remainder when 8009 is divided by 180?
89
What is the remainder when 358499 is divided by 118?
15
Calculate the remainder when 9701 is divided by 806.
29
What is the remainder when 2808 is divided by 38?
34
Calculate the remainder when 65199 is divided by 67.
8
What is the remainder when 1301632 is divided by 92?
16
What is the remainder when 22654 is divided by 15?
4
What is the remainder when 12031 is divided by 137?
112
Calculate the remainder when 437539 is divided by 13.
11
What is the remainder when 58345 is divided by 884?
1
Calculate the remainder when 17646 is divided by 104.
70
What is the remainder when 84223 is divided by 329?
328
Calculate the remainder when 120124 is divided by 877.
852
What is the remainder when 39763 is divided by 1981?
143
What is the remainder when 23572 is divided by 7826?
94
What is the remainder when 3371 is divided by 57?
8
What is the remainder when 1337254 is divided by 231?
226
Calculate the remainder when 9189 is divided by 22.
15
What is the remainder when 270225 is divided by 14?
11
What is the remainder when 24003 is divided by 286?
265
What is the remainder when 6581 is divided by 153?
2
What is the remainder when 3904 is divided by 229?
11
What is the remainder when 9623 is divided by 1922?
13
Calculate the remainder when 26333 is divided by 371.
363
Calculate the remainder when 16085 is divided by 27.
20
What is the remainder when 8603 is divided by 2147?
15
What is the remainder when 870 is divided by 39?
12
What is the remainder when 1002 is divided by 253?
243
Calculate the remainder when 80369 is divided by 92.
53
What is the remainder when 312735 is divided by 78181?
11
Calculate the remainder when 3472906 is divided by 1736449.
8
What is the remainder when 1234406 is divided by 1316?
1314
What is the remainder when 9694 is divided by 61?
56
Calculate the remainder when 16982 is divided by 37.
36
Calculate the remainder when 10286 is divided by 251.
246
Calculate the remainder when 209018 is divided by 61.
32
Calculate the remainder when 2184 is divided by 988.
208
What is the remainder when 43714 is divided by 34?
24
What is the remainder when 3971 is divided by 3210?
761
Calculate the remainder when 2358 is divided by 471.
3
Calculate the remainder when 33084 is divided by 269.
266
Calculate the remainder when 7737 is divided by 5941.
1796
What is the remainder when 265780 is divided by 22?
20
Calculate the remainder when 156169 is divided by 86.
79
Calculate the remainder when 25127 is divided by 25115.
12
What is the remainder when 620669 is divided by 373?
370
Calculate the remainder when 1606 is divided by 527.
25
What is the remainder when 1656 is divided by 210?
186
What is the remainder when 34105 is divided by 171?
76
Calculate the remainder when 5325 is divided by 5229.
96
Calculate the remainder when 42748 is divided by 14248.
4
Calculate the remainder when 3352 is divided by 1673.
6
What is the remainder when 2484 is divided by 1188?
108
What is the remainder when 349586 is divided by 129?
125
What is the remainder when 80164 is divided by 16030?
14
Calculate the remainder when 18625 is divided by 3103.
7
What is the remainder when 4031178 is divided by 49?
46
Calculate the remainder when 1294450 is divided by 353.
352
What is the remainder when 6018 is divided by 1408?
386
What is the remainder when 6416 is divided by 318?
56
What is the remainder when 2062 is divided by 2016?
46
Calculate the remainder when 221661 is divided by 221613.
48
What is the remainder when 218808 is divided by 54701?
4
What is the remainder when 19900 is divided by 108?
28
Calculate the remainder when 29426 is divided by 932.
534
Calculate the remainder when 9732 is divided by 486.
12
Calculate the remainder when 80463 is divided by 60.
3
Calculate the remainder when 11499 is divided by 3708.
375
Calculate the remainder when 29247 is divided by 276.
267
Calculate the remainder when 5737 is divided by 4986.
751
What is the remainder when 6125 is divided by 142?
19
Calculate the remainder when 669417 is divided by 4.
1
Calculate the remainder when 1012 is divided by 202.
2
Calculate the remainder when 5785 is divided by 1270.
705
What is the remainder when 12046 is divided by 3962?
160
Calculate the remainder when 2595 is divided by 111.
42
Calculate the remainder when 11479 is divided by 45.
4
What is the remainder when 24874 is divided by 29?
21
What is the remainder when 7621 is divided by 33?
31
What is the remainder when 245184 is divided by 20?
4
Calculate the remainder when 66050 is divided by 1159.
1146
Calculate the remainder when 49202 is divided by 43.
10
Calculate the remainder when 14806 is divided by 145.
16
What is the remainder when 78012 is divided by 55?
22
Calculate the remainder when 3573 is divided by 3559.
14
Calculate the remainder when 5998 is divided by 1972.
82
Calculate the remainder when 2748 is divided by 615.
288
What is the remainder when 43246 is divided by 8642?
36
Calculate the remainder when 2587 is divided by 74.
71
Calculate the remainder when 8799 is divided by 856.
239
What is the remainder when 4054177 is divided by 403?
400
Calculate the remainder when 221969 is divided by 154.
55
What is the remainder when 7971 is divided by 995?
11
Calculate the remainder when 10762 is divided by 128.
10
What is the remainder when 16829 is divided by 1684?
1673
Calculate the remainder when 16024 is divided by 356.
4
What is the remainder when 31241 is divided by 133?
119
What is the remainder when 12652 is divided by 330?
112
What is the remainder when 9970 is divided by 23?
11
What is the remainder when 4196 is divided by 186?
104
What is the remainder when 141132 is divided by 58?
18
Calculate the remainder when 557246 is divided by 485.
466
Calculate the remainder when 325 is divided by 45.
10
What is the remainder when 153450 is divided by 5683?
9
Calculate the remainder when 1292696 is divided by 34018.
12
What is the remainder when 5299 is divided by 5294?
5
What is the remainder when 461369 is divided by 1963?
64
What is the remainder when 6835 is divided by 245?
220
What is the remainder when 61078 is divided by 783?
4
What is the remainder when 224904 is divided by 202?
78
Calculate the remainder when 8925 is divided by 47.
42
Calculate the remainder when 6948 is divided by 3471.
6
Calculate the remainder when 7544 is divided by 167.
29
What is the remainder when 112916 is divided by 19?
18
Calculate the remainder when 228620 is divided by 10886.
14
What is the remainder 